13 = -2*s + 71. What is the tens digit of s?
9
Let k(b) = 3*b + 2. What is the units digit of k(11)?
5
Let h be 2 - (4/(-4) - -102). Let g = -45 - h. What is the tens digit of g?
5
Let t(k) = 8*k - 1. What is the units digit of t(1)?
7
Let u(o) = -o**3 - 5*o**2 - 4*o - 1. Let f be u(-3). Let v be f/((-70)/(-12))*5. What is the units digit of (-2)/v + (-78)/(-9)?
9
Suppose -3*i - 2*z = -9, i - z + 0*z - 3 = 0. Suppose i = 2*d - 29. What is the units digit of d?
6
Let g(c) = 10*c**2 - c - 1. Let o(q) = q + 5. Let f be o(-6). What is the units digit of g(f)?
0
Let d(a) = -a**3 + 2*a**2 - 2*a + 1. Let c be d(1). Let i be -3*(c - (-2)/(-2)). What is the units digit of 4/(-6) + 5/i?
1
What is the units digit of (-16)/88 + 2235/11?
3
Suppose -u + 5*u = 4. Let q = u - -1. Suppose q*w = 5*w - 9. What is the units digit of w?
3
Suppose 4*w - 8*w + 952 = 0. What is the units digit of w?
8
Let d(q) = q + 153. What is the tens digit of d(0)?
5
Let q(o) = -o**2 + 12*o. Let x be q(12). Suppose -2*c + x*c = -3*f + 57, -3*f + 42 = 3*c. What is the units digit of f?
7
What is the units digit of (9/6)/(6/8)?
2
Let a(p) = -12*p + 1. Suppose 0 = -v - 6 + 1. Let m = 4 + v. What is the tens digit of a(m)?
1
Let x be -2 - (3 - 0 - 13). Let o = x - 3. What is the units digit of o?
5
Let y be ((-6)/8 - 0)*-4. Let a = -8 + 5. Let q = y - a. What is the units digit of q?
6
Let k(g) = -g**3 - 13*g**2 - 3*g - 7. Let p be (-38)/3 + 2/(-6). What is the units digit of k(p)?
2
Let n = 6 - 2. Suppose -39 = -4*l - 2*q + 11, 5*q - 59 = -n*l. What is the units digit of l?
1
What is the tens digit of (87/(-2))/((2 + 2)/(-8))?
8
Let u(m) = m**3 - 2*m**2 + 2*m - 6. What is the tens digit of u(4)?
3
Suppose 4*l + 0*l - 4 = 0, 5*u - 5*l - 110 = 0. What is the tens digit of u?
2
Let u(w) = w**3 - 9*w**2 + 2*w + 3. Let c be u(9). Suppose -2*z + 3 + c = 0. What is the tens digit of z?
1
Let v be -12 - -16 - (1 + -1). Suppose 4*d - 48 = 4*s, v*s = 4*d + 3*s - 39. What is the units digit of d?
9
Let c be -4 - -7 - (0 - 12). Suppose -45 = -2*h - 3*o, -3*o + 6 + c = h. What is the units digit of h?
4
Let s = -8 + 10. What is the tens digit of (-306)/(-10) - s/(-5)?
3
Let f be (((-68)/1)/(-2))/(-1). Let c = 59 + f. What is the tens digit of c?
2
Let x = -23 - -30. What is the units digit of x?
7
Let w = -6 - -4. Let y = w + 2. Suppose -6*j + 2*j - 2*l = -14, 4*l + 4 = y. What is the units digit of j?
4
Let q be 42/(-5) - 4/(-10). Let t = q + 16. What is the units digit of t?
8
Let p = -39 + 41. Suppose 5*v = 8 + 27. Let b = v + p. What is the units digit of b?
9
Let r = -17 - -216. What is the hundreds digit of r?
1
Let m be 6*(0 - -3)/9. Let o be (21 - 3) + 0/m. What is the units digit of (-12)/(-4) + -2 + o?
9
Let h = -1 - -3. Suppose 3 = h*c + c. What is the units digit of c?
1
Suppose 29 - 8 = g. Let i = g + -11. What is the units digit of i?
0
Let m(q) = -q**2 + 12*q + 7. What is the tens digit of m(7)?
4
Suppose -w + 37 = -5*k - 5, -k = 4*w. Let c(t) = -t**2 - 11*t - 3. What is the units digit of c(k)?
1
Suppose 0*n + 5*n = -5*t, 2*t = 2*n. Suppose -6*j + j - 5 = t. What is the units digit of (-92)/(-6) + j/3?
5
Let b(o) = 2*o**2 - o. Let z(n) = n**2 - 7*n. Let k be z(6). Let x = k - -8. What is the units digit of b(x)?
6
Suppose 4*i = -17 + 81. Suppose 0*t = 2*t + i. Let o = t + 21. What is the tens digit of o?
1
Suppose 4*g = 5*n + 2*g - 10, -2*g = 4*n - 8. What is the units digit of 3*n/12*30?
5
Suppose 0 = 5*d + 6*w - w - 440, 3*d + 5*w - 266 = 0. What is the tens digit of d?
8
Let j(w) = -w**2 + 20*w - 18. What is the tens digit of j(14)?
6
What is the units digit of ((-42)/(-35))/((18/15)/2)?
2
Let i(q) = q**3 + 5*q**2 - 3*q + 6. Let l be i(-6). Let z be (0 - 2) + 0 + l. Let p = -9 - z. What is the units digit of p?
5
Let i be ((-1)/(-2))/(8/(-48)). Let a = -1 - i. Suppose 41 = a*s + 3*x + 2*x, -3*s + 5*x + 24 = 0. What is the tens digit of s?
1
Suppose -5*h + 2*k - 88 = -k, -3*k = 2*h + 52. What is the units digit of (h/(-30))/(2/42)?
4
Let m(b) be the second derivative of -b**4/12 + 2*b**3 - 3*b**2 + 3*b. What is the units digit of m(11)?
5
Let f(q) = -q**3 + 7*q**2 - 6*q + 2. Let n be f(6). Suppose -n*b + 3*b - 5*s - 2 = 0, -34 = -3*b + s. What is the units digit of (8/b)/((-1)/(-6))?
4
Suppose -9*j = -j - 312. What is the tens digit of j?
3
Let q(c) = c**2 - 1. Let n = -8 + 11. What is the units digit of q(n)?
8
Let v(h) = h**2 - 3*h + 4. Let p be v(6). Let x be (-270)/33 - (-4)/p. What is the units digit of 122/18 - x/36?
7
What is the hundreds digit of (-2)/(-4) - (-2607)/22?
1
Let r(a) = a**2 + a + 1. Let n be r(-3). Suppose -2*l + 0*l - 22 = 4*k, -k - 10 = 2*l. Let p = n + k. What is the units digit of p?
3
Suppose 0 = -z + 4*x + 91, -z - 5*x = -2*z + 88. What is the units digit of z?
3
Let a(v) = -v + 2. Let i(d) = 2*d - 3. Suppose 0 = f - z, -z + 33 = 4*f + 13. Let l(x) = f*i(x) + 7*a(x). What is the units digit of l(4)?
6
Suppose -5*h + 8 = -2. Suppose -4*i - 3*y = 0, -2*i - h*y + 4 = 2*i. Let q = 4 + i. What is the units digit of q?
7
Let f be -2 - 3/((-3)/2). Suppose -3*c + 2*g = 7*g + 22, 5*c - 3*g - 20 = f. What is the units digit of (-1)/(c - (-2)/(-1))?
1
Let h be (-7)/(-3) - (-2)/3. Suppose -h*t - 428 = -5*c, t - 3*c + 47 = -101. What is the units digit of t/(-40) + 3/5?
4
Suppose -2*b - 40 = -4*b. What is the tens digit of b?
2
Suppose 8*w = 3*w + 15. Suppose 38 = w*f - 7. Suppose -5*d + 0 + f = 0. What is the units digit of d?
3
Suppose 3*b - 4 = -2*u - 2, -2*b = u - 1. Let q(w) = -w + 2*w + 0*w. What is the units digit of q(u)?
1
Let l be (-9)/7 - (-8)/28. Let k be 2/((l + 2)*-2). What is the units digit of k*(2 + 0 + -10)?
8
Let c(t) = t**3 + 6*t**2 - 7*t + 3. Let n be ((-21)/(-6))/(1/2). Suppose p - 5*w + n = -5, p + 4*w + 3 = 0. What is the units digit of c(p)?
3
Let b(m) = -10*m. Let c(z) = z. Let w(d) = b(d) + 12*c(d). Let a be w(1). Suppose j + 11 = a*j. What is the units digit of j?
1
Let o(r) = -r**2 + 6*r - 1. Suppose 2*t = 4*t - 8. Let i be o(t). Let h = i - 3. What is the units digit of h?
4
Let x(b) = -7*b**3 - 8*b**2 + 19*b + 13. Let s(p) = 3*p**3 + 4*p**2 - 9*p - 6. Let z(a) = 5*s(a) + 2*x(a). What is the units digit of z(-5)?
6
Let z be (-1 - -23)/((-12)/6). Let l = z - -20. What is the units digit of l?
9
Suppose 0 = 3*k + 4*f + 16, 0*f = 2*k + 2*f + 8. Let v be ((-1)/2)/(3/(-36)). Suppose n = -k + v. What is the units digit of n?
6
Let i(t) = t + 1. Let y be (-2)/5 + 12/5. Let r be i(y). Suppose -r*u = -20 - 4. What is the units digit of u?
8
Suppose -r + 11 = 3*w, -4*w = -4*r - 5 - 15. What is the units digit of 12 + (r + -1 - 1)?
9
Let l be ((-6)/5)/((-13)/130). Suppose 0 = g + 4*x - 24, x - 4 = 1. What is the units digit of l - g - (-2 + 3)?
7
Suppose -3*d + 39 = v, -4*v = 4*d + d - 142. What is the units digit of v?
3
Suppose -20 + 92 = i. What is the units digit of i?
2
Suppose -4*g = 5*p - 2 - 13, -4*g = 3*p - 17. What is the units digit of g?
5
Suppose 0 = 5*i + 5*t - 115, 0 = -4*i - i - t + 107. What is the tens digit of i?
2
What is the units digit of 107 + ((-18)/(-27))/((-2)/(-9))?
0
Let i be ((-2)/(-6))/((-4)/(-36)). Suppose i*a = 6*a - 39. What is the tens digit of a?
1
Let w(s) = -s**3 + 6*s**2 + s - 8. Let k be w(6). What is the units digit of (39/(-3))/(k/4)?
6
Let b(a) = 4*a + 7. Let i(r) = -2*r - 4. Let x(d) = -3*b(d) - 5*i(d). Let w be x(-2). Suppose -w*j + 13 = k - 12, 0 = 4*k - 16. What is the units digit of j?
7
Let s(z) be the third derivative of -z**4/24 + z**3/3 + z**2. Let u be s(0). Suppose 0 = -k - 5*a + 31, -5*k - a - u*a + 67 = 0. What is the units digit of k?
1
Let g = 10 + -7. Let i be (-2)/g*(-12)/8. Suppose -4*t - 2*h - i + 27 = 0, -2*t = -3*h - 1. What is the units digit of t?
5
Let n be (8/(-6))/((-2)/3). Suppose 0 = d - 3*v - 10, -22 = -3*d + n*d - 3*v. What is the tens digit of d?
1
Suppose 2*v + 67 = -4*r + v, 5*v = 2*r + 39. Suppose 7*c - 3 = -17. What is the tens digit of r/(0 + c + 1)?
1
Suppose 0 = -f - f - 5*g + 6, 5*g = -4*f + 2. What is the tens digit of (-28)/(2 + f + -1)?
2
Suppose 0*d + 4*b = -2*d - 16, 5*b = -4*d - 38. Suppose -2*g = 5*v + 2 - 0, -4*v + 4 = 3*g. Let c = v - d. What is the tens digit of c?
1
Suppose -3*x + 15 = 0, w = -2*w - 5*x + 58. Let l = w - 6. Suppose 0 = o - 3, l*f = 